{"id":2,"date":"2016-02-27T15:53:03","date_gmt":"2016-02-27T15:53:03","guid":{"rendered":"http:\/\/tuukkamerilainen.com\/vastuu\/?page_id=2"},"modified":"2024-06-19T17:28:58","modified_gmt":"2024-06-19T14:28:58","slug":"sample-page","status":"publish","type":"page","link":"https:\/\/vastuu.fi\/","title":{"rendered":"Etusivu"},"content":{"rendered":"<ul class=\"nav nav-tabs\">\n<li class=\"active\"><a href=\"#suomeksi\" data-toggle=\"tab\">Suomeksi<\/a><\/li>\n<li><a href=\"#ruotsiksi\" data-toggle=\"tab\">P\u00e5 Svenska<\/a><\/li>\n<li><a href=\"#englanniksi\" data-toggle=\"tab\">In English<\/a><\/li>\n<\/ul>\n<div class=\"tab-content\">\n<div id=\"suomeksi\" class=\"tab-pane fade in active etusivu-translation\">\n<p><strong>Psykologien Sosiaalinen Vastuu ry (PSV)<\/strong> on vuonna 1982 ammattialakohtaisena rauhanryhm\u00e4n\u00e4 perustettu yhdistys, joka seuraa, miten jokaisen ihmisen oikeus psyykkiseen ja sosiaaliseen hyvinvointiin toteutuu.\u00a0PSV kutsuu kaikkia psykologeja, psykologian tutkijoita ja opiskelijoita k\u00e4ytt\u00e4m\u00e4\u00e4n aktiivisesti psykologista osaamista edist\u00e4m\u00e4\u00e4n n\u00e4iden oikeuksien tasavertaista toteutumista. Toimimme sek\u00e4 kansainv\u00e4lisesti ett\u00e4 kotimaassa. PSV:n j\u00e4rjest\u00f6j\u00e4seni\u00e4 ovat:<\/p>\n<ul>\n<li><a href=\"http:\/\/www.psyli.fi\/\">Suomen Psykologiliitto<\/a><\/li>\n<li><a href=\"http:\/\/psykologia.fi\/etusivu-sps\">Suomen Psykologinen Seura<\/a><\/li>\n<li><a href=\"http:\/\/www.psykologianopiskelijat.net\/\">Suomen Psykologian Opiskelijain Liitto (SPOL).<\/a><\/li>\n<\/ul>\n<h4><strong>Toimintaamme voi tukea kertalahjoituksin tai vakituisena lahjoittajana.<\/strong><\/h4>\n<p style=\"padding-left: 40px;\"><a href=\"https:\/\/vastuu.fi\/?page_id=1052\">Kannatusj\u00e4sentuki<\/a> FI91 8000 1771 2034 12, viitenumero 7210<\/p>\n<p style=\"padding-left: 40px;\"><a href=\"https:\/\/vastuu.fi\/?page_id=1049\">Libanonin solidaarisuusty\u00f6<\/a> FI33 8000 1900 7035 30, viite 1656 perheneuvolaty\u00f6lle, viite 3230 erityislasten koulutukselle<\/p>\n<p style=\"padding-left: 40px;\"><a href=\"https:\/\/vastuu.fi\/?page_id=974\">Afganistanin solidaarisuusty\u00f6<\/a>\u00a0FI 25 8000 6710 0878 34, viitenumero 217<\/p>\n<p>\u00a0 \u00a0 \u00a0 \u00a0 \u00a0Ker\u00e4yslupa RA\/2020\/1295<\/p>\n<h4>Tervetuloa mukaan toimintaamme <a href=\"https:\/\/vastuu.fi\/?page_id=25\">t\u00e4ll\u00e4 sivulla<\/a><\/h4>\n<\/div>\n<div id=\"ruotsiksi\" class=\"tab-pane fade etusivu-translation\">\n<p><strong>Psykologers Sociala Ansvar r.f. (Psykologien Sosiaalinen Vastuu ry, PSV)<\/strong>, grundad 1982, \u00e4r en f\u00f6rening med \u00e4ndam\u00e5let att f\u00f6rsvara varje individs r\u00e4tt till psykiskt och socialt v\u00e4lm\u00e5ende. PSV utnyttjar sin sakkunnighet inom omr\u00e5det psykologi f\u00f6r att s\u00e4kerst\u00e4lla att denna r\u00e4ttighet verkst\u00e4lls j\u00e4mst\u00e4llt. PSV:s f\u00f6reningsmedlemmar \u00e4r Finlands Psykologf\u00f6rbund, Finlands Psykologiska S\u00e4llskap (Suomen Psykologinen Seura) och Finlands Psykologistuderandes F\u00f6rbund. F\u00f6reningen drivs av frivilligarbete.<\/p>\n<p>PSV har verksamhet b\u00e5de i Finland och internationellt. F\u00f6r tillf\u00e4llet driver vi utvecklingsprojekt med lokala samarbetspartners i Libanon och Turkiet. I Libanon ligger tyngdpunkten f\u00f6r arbetet i att erbjuda st\u00f6d \u00e5t boende i palestinska flyktingl\u00e4ger med s\u00e4rskild vikt p\u00e5 barn och barnfamiljer. I Turkiet st\u00f6der vi v\u00e5rden av tortyroffers mentala h\u00e4lsa.<\/p>\n<p>I Finland har PSV fem lokalf\u00f6reningar, som ligger i Helsingfors, Jyv\u00e4skyl\u00e4, Tammerfors, \u00c5bo samt Satakunta. Dessa ordnar utbildningar kring aktuella teman och organiserar allehanda evenemang. Dessutom arbetar PSV med asyls\u00f6kande och pappersl\u00f6sa i huvudstadsregionens flyktingboenden och vid kliniken f\u00f6r pappersl\u00f6sa (Global Clinic). I flyktingboendena erbjuder vi psykiskt st\u00f6d \u00e5t asyls\u00f6kanden framf\u00f6r allt i form av stresshanteringsgrupper, medan frivilliga psykologer utf\u00f6r klient- och konsulteringsarbete vid kliniken f\u00f6r pappersl\u00f6sa.<\/p>\n<p>Vill Du underst\u00f6da v\u00e5r verksamhet?<\/p>\n<p>Bli underst\u00f6dsmedlem f\u00f6r 50 \u20ac per \u00e5r.<br \/>\nBankuppgifter:<br \/>\nDanske Bank FI91 8000 1771 2034 12<br \/>\nReferensnummer 7210<\/p>\n<p>Vill Du ha ytterligare information eller delta i v\u00e5r verksamhet?<\/p>\n<p>Kontakta oss: psv@vastuu.fi<\/p>\n<\/div>\n<div id=\"englanniksi\" class=\"tab-pane fade etusivu-translation\">\n<p><strong>Finnish Psychologists for Social Responsibility (FiPSR)<\/strong> is a non-governmental organization founded in 1982 to promote the right to psychological and social wellbeing of every individual. FiPSR utilizes psychological expertise in defense of an equal realization of these goals. Organizational members of FiPSR include the Finnish Psychological Association, Finnish Psychological Society and Finnish Psychology Students\u2019 Association. Our activity is based on voluntary organization.<\/p>\n<p>FiPSR has activities both in Finland and abroad. Current ongoing developmental aid projects are carried out in cooperation with local non-Governmental organizations in Lebanon and Turkey. In Lebanon our focus is in supporting Palestinian refugees \u2013 especially children and families \u2013 living in refugee camps. In Turkey, we organize occupational care and expertise for mental health professionals and volunteers working with victims of torture.<\/p>\n<p>In Finland FiPSR has five local chapters, located in Helsinki, Jyv\u00e4skyl\u00e4, Tampere, Turku and the Satakunta region. Local chapters organize public lectures and seminars related to current topics, in addition to other events. Additionally, FiPSR is involved in work with refugees and undocumented migrants at refugee centers at the Helsinki region and at Global Clinic, which provides health service for undocumented migrants. In refugee centers we organize stress management groups to aid the psychological wellbeing of refugees, and at the Global Clinic volunteer psychologist provide counseling and consultation.<\/p>\n<p>Do you wish to support us?<\/p>\n<p>Become a supporting member 50 \u20ac\/year<br \/>\nBank account: Danske Bank FI91 8000 1771 2034 12\u00a0 Reference: 7210<\/p>\n<p>Are you interested in hearing more or participating in our work?<\/p>\n<p>Contact: psv@vastuu.fi<\/p>\n<\/div>\n<\/div>\n<hr \/>\n<div class=\"row\">\n<div class=\"col-xs-12 col-md-7 blog-section\">\n<div class=\"blogFeed col-xs-12\">\n<h2 class=\"frontpage-header\"><a href=\"https:\/\/vastuu.fi\/?page_id=367\">PSV:n j\u00e4rjest\u00f6blogi<\/a><\/h2>\n<ul class=\"display-posts-listing\"><li class=\"listing-item\"><a class=\"title\" href=\"https:\/\/vastuu.fi\/?p=2520\">Uutisia Global Clinic -yhteisty\u00f6st\u00e4<\/a><\/li><li class=\"listing-item\"><a class=\"title\" href=\"https:\/\/vastuu.fi\/?p=2426\">PSV tilinp\u00e4\u00e4t\u00f6s 2022 ja tilintarkastajan lausunto<\/a><\/li><li class=\"listing-item\"><a class=\"title\" href=\"https:\/\/vastuu.fi\/?p=2272\">Boat Refugee Foundationin vapaaehtoisena ty\u00f6skennellyt PSV:n sihteeri Taru Saari: Turvapaikanhakijoiden mielenterveyden hoito ja Euroopan pakolaisleirit<\/a><\/li><li class=\"listing-item\"><a class=\"title\" href=\"https:\/\/vastuu.fi\/?p=2221\">Mit\u00e4 psykologit sanoivat sodasta ja rauhasta 40 vuotta sitten?<\/a><\/li><li class=\"listing-item\"><a class=\"title\" href=\"https:\/\/vastuu.fi\/?p=2081\">Avoimuus uudelle ja ihmettely t\u00e4rkeit\u00e4 my\u00f6s turvapaikanhakijoiden hoidossa<\/a><\/li><\/ul>\n<\/div>\n<div class=\"blogFeed col-xs-12\">\n<h2 class=\"frontpage-header\"><a href=\"https:\/\/vastuu.fi\/?page_id=997\">Libanon blogi<\/a><\/h2>\n<ul class=\"display-posts-listing\"><li class=\"listing-item\"><a class=\"title\" href=\"https:\/\/vastuu.fi\/?p=2786\">Kiireellist\u00e4 apua kotinsa j\u00e4tt\u00e4neille<\/a><\/li><li class=\"listing-item\"><a class=\"title\" href=\"https:\/\/vastuu.fi\/?p=2784\">Auta palestiinalaisj\u00e4rjest\u00f6n h\u00e4t\u00e4tilanteen lievitysty\u00f6t\u00e4 Libanonissa<\/a><\/li><li class=\"listing-item\"><a class=\"title\" href=\"https:\/\/vastuu.fi\/?p=2782\">Kun turvaa ei tunnu l\u00f6ytyv\u00e4n mist\u00e4\u00e4n: ajatuksia Libanonin tilanteesta psykologin n\u00e4k\u00f6kulmasta\u00a05.3.2026<\/a><\/li><li class=\"listing-item\"><a class=\"title\" href=\"https:\/\/vastuu.fi\/?p=2743\">Children with special needs in refugee camps of Lebanon &#8211; how they progressed during the school year 2024-2025<\/a><\/li><li class=\"listing-item\"><a class=\"title\" href=\"https:\/\/vastuu.fi\/?p=2732\">Layal Khalifehin kuulumisia Beit Atfal Assumoudin perheneuvoloiden mielenterveysohjelmasta 17.9.2025<\/a><\/li><\/ul>\n<\/div>\n<\/div>\n<div class=\"col-xs-12 col-md-5 events-section\">\n<div class=\"eoCalendar col-xs-12\">\n<h2 class=\"frontpage-header\">Tulevat tapahtumat<\/h2>\n<div class=\"event_listings\" data-location=\"\" data-keywords=\"\" data-show_filters=\"false\" data-show_pagination=\"false\" data-per_page=\"10\" data-orderby=\"meta_value\" data-order=\"ASC\" data-datetimes=\"\" data-categories=\"\" data-event_types=\"\" data-ticket_prices=\"\" data-event_online=\"\" ><div class=\"wpem-main wpem-event-listings-header\">\r\n    <div class=\"wpem-row\">\r\n        <div class=\"wpem-col wpem-col-12 wpem-col-sm-6 wpem-col-md-6 wpem-col-lg-8\">\r\n            <div class=\"wpem-event-listing-header-title\">\r\n                                    <h2 class=\"wpem-heading-text\">Events<\/h2>\r\n                            <\/div>\r\n        <\/div>\r\n        <div class=\"wpem-col wpem-col-12 wpem-col-sm-6 wpem-col-md-6 wpem-col-lg-4\">\r\n            <div class=\"wpem-event-layout-action-wrapper\">\r\n                <div class=\"wpem-event-layout-action\">\r\n                                    <\/div>\r\n            <\/div>\r\n        <\/div>\r\n    <\/div>\r\n<\/div>\r\n\r\n<!-- Event listing view -->\r\n<div class=\"event_listings_main\">\r\n    <div id=\"event-listing-view\" class=\"wpem-main wpem-event-listings event_listings wpem-event-listing-list-view\" data-id=\"list\">\t\t\t\t<div class=\"no_event_listings_found wpem-alert wpem-alert-danger wpem-mb-0\">There are currently no events.<\/div>\n\t\t\t<\/div>\n<\/div>\n<\/div>\n<\/div>\n","protected":false},"excerpt":{"rendered":"<p>Suomeksi P\u00e5 Svenska In English Psykologien Sosiaalinen Vastuu ry (PSV) on vuonna 1982 ammattialakohtaisena rauhanryhm\u00e4n\u00e4 perustettu yhdistys, joka seuraa, miten jokaisen ihmisen oikeus psyykkiseen ja sosiaaliseen hyvinvointiin toteutuu.\u00a0PSV kutsuu kaikkia psykologeja, psykologian tutkijoita ja opiskelijoita k\u00e4ytt\u00e4m\u00e4\u00e4n aktiivisesti psykologista osaamista edist\u00e4m\u00e4\u00e4n n\u00e4iden oikeuksien tasavertaista toteutumista. Toimimme sek\u00e4 kansainv\u00e4lisesti ett\u00e4 kotimaassa. PSV:n j\u00e4rjest\u00f6j\u00e4seni\u00e4 ovat: Suomen Psykologiliitto Suomen [&hellip;]<\/p>\n","protected":false},"author":1,"featured_media":0,"parent":0,"menu_order":0,"comment_status":"closed","ping_status":"open","template":"page-fullwidth.php","meta":{"_monsterinsights_skip_tracking":false,"_monsterinsights_sitenote_active":false,"_monsterinsights_sitenote_note":"","_monsterinsights_sitenote_category":0,"footnotes":""},"class_list":["post-2","page","type-page","status-publish","hentry"],"_links":{"self":[{"href":"https:\/\/vastuu.fi\/index.php?rest_route=\/wp\/v2\/pages\/2","targetHints":{"allow":["GET"]}}],"collection":[{"href":"https:\/\/vastuu.fi\/index.php?rest_route=\/wp\/v2\/pages"}],"about":[{"href":"https:\/\/vastuu.fi\/index.php?rest_route=\/wp\/v2\/types\/page"}],"author":[{"embeddable":true,"href":"https:\/\/vastuu.fi\/index.php?rest_route=\/wp\/v2\/users\/1"}],"replies":[{"embeddable":true,"href":"https:\/\/vastuu.fi\/index.php?rest_route=%2Fwp%2Fv2%2Fcomments&post=2"}],"version-history":[{"count":161,"href":"https:\/\/vastuu.fi\/index.php?rest_route=\/wp\/v2\/pages\/2\/revisions"}],"predecessor-version":[{"id":2580,"href":"https:\/\/vastuu.fi\/index.php?rest_route=\/wp\/v2\/pages\/2\/revisions\/2580"}],"wp:attachment":[{"href":"https:\/\/vastuu.fi\/index.php?rest_route=%2Fwp%2Fv2%2Fmedia&parent=2"}],"curies":[{"name":"wp","href":"https:\/\/api.w.org\/{rel}","templated":true}]}}